. Let j = k + 0. List the prime factors of j.
3
Suppose -4*j + 0*i + 4*i = 68, 2 = -j - 4*i. Suppose -3*g = 2*n + 90 - 25, 0 = 3*g - 4*n + 59. What are the prime factors of (18/g)/(2/j)?
2, 3
Let f(g) = -g**3 + 11*g**2 - 9*g - 9. Let x be f(10). Let v be x/(-3) + (-7)/(-3). What are the prime factors of 0 + 0 - (v + -13)?
11
Suppose -k + 26 = a + 3*k, 0 = -5*a + 2*k + 152. Suppose -5*s + a = -65. List the prime factors of s.
19
Let v(q) = -q**2 + 2*q + 186. Let y be v(0). Suppose 5*k = 3*c - 7*c + y, -4*c + 5*k + 166 = 0. What are the prime factors of c?
2, 11
Suppose -5*b - z = 13 - 52, 4*z - 16 = 0. Let m be b/(-14) - 62/4. What are the prime factors of (-90)/(-12)*m/(-10)?
2, 3
Let b(h) = 3*h - 4. Let w be b(4). Suppose -w = -2*q + 8. What are the prime factors of q?
2
Suppose 11 + 9 = q. What are the prime factors of q?
2, 5
Suppose 3*u = -5*h + 272, -3*h - 83 - 92 = -2*u. What are the prime factors of u?
89
What are the prime factors of 0 - 0 - 4 - (-47 + 12)?
31
Suppose -2*b + l + 7 = 0, 12 = 2*b + b - 2*l. Suppose -7 = b*w - 57. List the prime factors of w.
5
Suppose 5*u - 5 = 15. Suppose w = -3*k + 30, 10 = k - u*w - 0. Let r = 17 - k. List the prime factors of r.
7
Let d be (-1)/2*10/(-5). Suppose 3*i + d - 7 = 0. Suppose -3*y = -i*t - 26, -3*y + 27 = -4*t - 1. What are the prime factors of y?
2
Let q be 1/(-2) + 394/4. Suppose -4*a + q - 22 = 0. What are the prime factors of a?
19
Suppose i = 3*p + 2 - 3, p + 5*i = -5. Suppose 2*x - 8 - 18 = p. What are the prime factors of x?
13
Let v be (1*2)/((-4)/(-46)). Let a = v + -12. What are the prime factors of a?
11
Let k(m) = m + 2. Let b be k(4). Let c be -4 + 0 - (1 - 1). Let x = b + c. What are the prime factors of x?
2
Suppose -2*l = -5*z - 25, l + 20 = -4*z + 3*l. Let t be (9 + -1)*z/(-10). List the prime factors of 15/(-1)*t/(-10).
2, 3
Let g be 3 + (1*-3)/3. Let m be ((-39)/6 + 0)*g. Let k = m - -22. List the prime factors of k.
3
Let w(u) = u - 9. Let o(n) = -n**2 + 9*n + 13. Let x be o(9). What are the prime factors of w(x)?
2
Suppose 3*g = -d - 4*d + 162, -3*g + 12 = 0. List the prime factors of d.
2, 3, 5
Let k(v) = 41*v - 14. List the prime factors of k(8).
2, 157
Suppose -2*c - 3*c + 77 = 4*w, 2*w = 6. Let u = c + -21. What are the prime factors of (-54)/(-4) + 4/u?
13
Let w(q) = -32*q - 10. What are the prime factors of w(-7)?
2, 107
Let k(p) = -p**2 + 3*p + 4. Let z be k(5). Let r be 2*(-19)/z*3. List the prime factors of (0/(-2) + 1)*r.
19
Suppose 3*s - 480 = -5*s. What are the prime factors of s?
2, 3, 5
Let p(z) = 4*z**2 + 5*z - 15. What are the prime factors of p(5)?
2, 5, 11
Let b(n) = 4*n + 4. Let y(t) = -12*t - 12. Let x = 2 - -1. Let d(j) = x*y(j) + 8*b(j). What are the prime factors of d(-3)?
2
Let u(j) = -9 - 2*j + 18 + j. Let i(r) = r**2 + r - 5. Let o be i(-4). List the prime factors of u(o).
2
Suppose 0 = 5*w - 5*p - 35, -4*w + 2*p = w - 44. Let h = 30 - w. List the prime factors of h.
2, 5
Suppose 0 = -4*v + 5 + 43. Let c = 1 + v. List the prime factors of c.
13
Let n(k) be the second derivative of 2*k**3/3 - 3*k**2/2 - 2*k. List the prime factors of n(7).
5
Let x = 103 + -52. What are the prime factors of x?
3, 17
Suppose 2*u = -u + 15. Suppose u = 2*k - 3. List the prime factors of k.
2
Suppose -3*k = 1 - 7. Suppose 5*l = x + 79 + 6, 7 = k*l + 5*x. List the prime factors of l.
2
Suppose 13*j = 25*j - 2016. What are the prime factors of j?
2, 3, 7
Suppose -s - 4*r = -3*r - 34, 4*s - 163 = 5*r. What are the prime factors of s?
37
Let a(w) = w**2 + 14*w + 11. Let t be a(-14). What are the prime factors of t*3*16/12?
2, 11
Suppose -2*f = -6 - 6. List the prime factors of ((-128)/(-24))/(2/f).
2
Let r(l) be the third derivative of -5/6*l**3 - 1/120*l**6 + 3*l**2 + 1/8*l**4 + 0 + 1/12*l**5 + 0*l. What are the prime factors of r(5)?
2, 5
Let n(y) = -6 - 2*y + 1 - 8 - 8. What are the prime factors of n(-17)?
13
Let i = 0 + -8. Suppose 0 = 5*f - 4*t + 81, -5*f + 7 = -t + 76. Let q = i - f. List the prime factors of q.
5
Suppose -2*a - 5 = 11. What are the prime factors of (27/(-12))/(2/a)?
3
Let d be (-1)/(-2)*-5*2. Let b(x) = -x**3 - 3*x**2 + 8*x + 5. List the prime factors of b(d).
3, 5
List the prime factors of 9/3 - -2*16.
5, 7
Let i(k) = k - 12. Let p be i(9). Let v(f) = f**2 - 3. Let n be v(-3). List the prime factors of (32/n)/((-2)/p).
2
Let z = -12 + 12. Suppose -5*k + 90 + 5 = z. What are the prime factors of k?
19
Suppose 2*y = -0 + 2. Let g be y + (-9)/6*2. What are the prime factors of (g - -14) + -2 - 2?
2
Suppose l + 4*l - 15 = 0. Suppose 3*x - l*h - 9 = -0*h, 5*x + 5*h - 65 = 0. Suppose x = 8*z - 4*z. List the prime factors of z.
2
Let w = 34 - 25. List the prime factors of w.
3
Suppose 5*x + 3*i = -42, -21 = 2*x - 4*i + 1. Suppose -3*y - z + 50 - 2 = 0, 3 = z. Let t = x + y. What are the prime factors of t?
2, 3
Let b = -331 - -708. What are the prime factors of b?
13, 29
Let c = 4 + 5. What are the prime factors of c?
3
Let l(r) = 24*r**2 + r. Let h be 2/4 - (-1)/2. What are the prime factors of l(h)?
5
Let o be 21/3*-1 - 3. Let m(z) = -z**3 - 9*z**2 + 10*z + 14. List the prime factors of m(o).
2, 7
Suppose 0 = -2*f + 5*t + 104, 2*f - 3*t = -7*t + 86. What are the prime factors of f?
47
Suppose 0 = -0*m + 4*m - 92. Let g(c) = c + 20. Let j be g(-16). Suppose -3*z + j*a = -m, -z + 5*a + 0 = -4. List the prime factors of z.
3
Let p be (-2)/4 - (-17)/2. Suppose -3*s = -p - 1. Suppose s*a = 3 + 27. What are the prime factors of a?
2, 5
Let f = 9 - -41. List the prime factors of f.
2, 5
List the prime factors of 52/28 + -2 - 1184/(-7).
13
Suppose -2*j - 8 = -4*j. Let s(k) = 9*k + 8. What are the prime factors of s(j)?
2, 11
Suppose 1053 = 11*r + 2*r. List the prime factors of r.
3
Let h be 0/(1*(-2 - -1)). Suppose 4*t - 13 - 23 = h. What are the prime factors of t?
3
Let m = 4 + -5. Let g(i) = -i. Let x(z) = z. Let l(u) = -g(u) - 3*x(u). What are the prime factors of l(m)?
2
Suppose -2 + 6 = -d. Let t = -1 - d. Suppose 3*g = t*m + 4*g - 52, 3*m - 49 = 2*g. List the prime factors of m.
17
Suppose -13*u + 708 = -9*u. Suppose 0 = 6*f - 57 - u. List the prime factors of f.
3, 13
Suppose g - 6 = -2. Suppose g*i = 3*i + 10. List the prime factors of i.
2, 5
Suppose 5*p + 3*b + b = 137, 0 = -5*p + 4*b + 113. List the prime factors of p.
5
Suppose 8*b = 4*b + 192. What are the prime factors of b?
2, 3
Let k(r) = 10*r + 4. Let l be k(-6). Let h = l - -112. Suppose 0 = -9*m + 5*m + h. List the prime factors of m.
2, 7
Suppose -11*l + 8*l + 321 = 0. List the prime factors of l.
107
Let l = -4 - -7. Let n = l - -8. What are the prime factors of n?
11
Suppose 27 = -2*f + 27. Suppose -4*x - 10 = -2*w, -5*w - x + 7 + 18 = 0. Suppose -w*k + 16 + 14 = f. What are the prime factors of k?
2, 3
List the prime factors of 3/9 - (-98)/3.
3, 11
Suppose x + 192 = 3*x. What are the prime factors of x?
2, 3
Let p = 3 + -3. Let c = 18 - 12. Suppose p = s - c + 4. What are the prime factors of s?
2
Let g = 67 + -45. List the prime factors of g.
2, 11
Let x(f) = 17*f - 18. Let a(h) = -11*h + 12. Let k(w) = -w**2 - 3*w + 5. Let q be k(-5). Let c(i) = q*x(i) - 8*a(i). What are the prime factors of c(6)?
2, 3
Let p(w) = w**2 + 15*w + 9. Let j be p(-12). List the prime factors of (-2)/(-9) + (-534)/j.
2, 5
List the prime factors of (7 + -8)/(1 + (-15)/12).
2
Let q = 5 + -3. Suppose 0 = -3*r + 5*a + 19, 7 = q*r - a - 15. What are the prime factors of r?
13
Let t(i) = -i**2 + 4*i + 2. Let h be t(3). Let m be 4/(-10) + -4 + (-256)/(-40). Suppose -8 = -d + m*s, -h*d + 2*s = -2*d - 20. What are the prime factors of d?
2, 3
Let z(s) = -s**3 - 4*s**2 - 4*s + 1. Let b be z(-3). Suppose 0 = 3*n - 4 + 1. List the prime factors of (b - 3)/(n/3).
3
Let o(z) = 3*z - 3. Let g be o(6). Let v = g + -27. What are the prime factors of (v/(-1))/((-6)/(-4))?
2
Let a(r) = 29*r**3 - 4*r + 3. What are the prime factors of a(1)?
2, 7
Suppose -b = 3*b + 4*u - 12, -b + 3 = -5*u. Suppose -b*x + 0*w + 2*w = -32, 4*w = 4*x - 44. Suppose -z + 0*z + x = 0. List the prime factors of z.
2, 5
Let k be -36*(28/8 - 3). What are the prime factors of (k/(-4))/(6/40)?
2, 3, 5
Suppose -53 = -4*w + 155. What are the prime factors of w?
2, 13
Suppose 0 = 3*n - 32 + 8. Suppose n*k = 5*k + 102. What are the prime factors of k